{"id":445,"date":"2026-01-19T14:31:01","date_gmt":"2026-01-19T13:31:01","guid":{"rendered":"https:\/\/kunited-events.com\/?page_id=445"},"modified":"2026-01-21T14:59:24","modified_gmt":"2026-01-21T13:59:24","slug":"onceuponseoul","status":"publish","type":"page","link":"https:\/\/kunited-events.com\/?page_id=445","title":{"rendered":"OnceUponSeoul"},"content":{"rendered":"\n<div class=\"wp-block-cover alignwide is-light\" style=\"min-height:307px;aspect-ratio:unset;\"><img loading=\"lazy\" decoding=\"async\" width=\"1024\" height=\"768\" class=\"wp-block-cover__image-background wp-image-446 size-large\" alt=\"\" src=\"https:\/\/kunited-events.com\/wp-content\/uploads\/2025\/08\/P1080322-1024x768.jpg\" data-object-fit=\"cover\" srcset=\"https:\/\/kunited-events.com\/wp-content\/uploads\/2025\/08\/P1080322-1024x768.jpg 1024w, https:\/\/kunited-events.com\/wp-content\/uploads\/2025\/08\/P1080322-scaled-600x450.jpg 600w, https:\/\/kunited-events.com\/wp-content\/uploads\/2025\/08\/P1080322-300x225.jpg 300w, https:\/\/kunited-events.com\/wp-content\/uploads\/2025\/08\/P1080322-768x576.jpg 768w, https:\/\/kunited-events.com\/wp-content\/uploads\/2025\/08\/P1080322-1536x1152.jpg 1536w, https:\/\/kunited-events.com\/wp-content\/uploads\/2025\/08\/P1080322-2048x1536.jpg 2048w\" sizes=\"auto, (max-width: 1024px) 100vw, 1024px\" \/><span aria-hidden=\"true\" class=\"wp-block-cover__background has-custom-color-4-background-color has-background-dim-60 has-background-dim\"><\/span><div class=\"wp-block-cover__inner-container has-global-padding is-layout-constrained wp-block-cover-is-layout-constrained\">\n<p class=\"has-text-align-center has-xx-large-font-size\"><strong>Once upon in Seoul<\/strong><\/p>\n\n\n\n<p class=\"has-text-align-center\"><strong>K-Drama Location Journey Events<\/strong><\/p>\n<\/div><\/div>\n\n\n\n<p class=\"has-text-align-center has-medium-font-size\">Du hast noch Zeit in Korea oder willst noch etwas Besonderes zu deiner Reise in Seoul hinzuf\u00fcgen.<\/p>\n\n\n\n<p class=\"has-text-align-center has-large-font-size\"><strong>Dann bist du hier genau richtig. <\/strong><\/p>\n\n\n\n<p class=\"has-text-align-center has-medium-font-size\">Hier findest du eine Vielzahl verschiedener Journey Events die nur 1 Tag dauern.<\/p>\n\n\n\n<p class=\"has-text-align-center has-small-font-size\">Alle diese Events finden in Seoul statt. Weitere Events in anderen Bereichen Koreas werden bei Zeiten auf Once upon in Korea zu finden sein.<\/p>\n\n\n\n<p class=\"has-text-align-center has-small-font-size\">Bei allen Events auf dieser Seite ist Simona als Reisebegleiterin f\u00fcr die kleine Gruppe von 3 &#8211; 15 Personen da. Du hast also immer einen <strong>Ansprechpartner<\/strong> dabei und jemanden der deine Erinnerungen als<strong> Fotos <\/strong>auf deinem Handy festh\u00e4lt.<\/p>\n\n\n\n<p class=\"has-small-font-size\"><\/p>\n\n\n\n<p class=\"has-text-align-center has-x-large-font-size\"><strong>Spring Castle Journey Event<\/strong><\/p>\n\n\n\n<div class=\"wp-block-media-text alignwide is-stacked-on-mobile\" style=\"grid-template-columns:33% auto\"><figure class=\"wp-block-media-text__media\"><img loading=\"lazy\" decoding=\"async\" width=\"785\" height=\"1024\" src=\"https:\/\/kunited-events.com\/wp-content\/uploads\/2025\/08\/pexels-muneeb-babar-1300535-17450331-scaled-e1756294825432-785x1024.jpg\" alt=\"Lotte World\" class=\"wp-image-429 size-full\" srcset=\"https:\/\/kunited-events.com\/wp-content\/uploads\/2025\/08\/pexels-muneeb-babar-1300535-17450331-scaled-e1756294825432-785x1024.jpg 785w, https:\/\/kunited-events.com\/wp-content\/uploads\/2025\/08\/pexels-muneeb-babar-1300535-17450331-scaled-e1756294825432-600x783.jpg 600w, https:\/\/kunited-events.com\/wp-content\/uploads\/2025\/08\/pexels-muneeb-babar-1300535-17450331-scaled-e1756294825432-230x300.jpg 230w, https:\/\/kunited-events.com\/wp-content\/uploads\/2025\/08\/pexels-muneeb-babar-1300535-17450331-scaled-e1756294825432-768x1002.jpg 768w, https:\/\/kunited-events.com\/wp-content\/uploads\/2025\/08\/pexels-muneeb-babar-1300535-17450331-scaled-e1756294825432-1177x1536.jpg 1177w, https:\/\/kunited-events.com\/wp-content\/uploads\/2025\/08\/pexels-muneeb-babar-1300535-17450331-scaled-e1756294825432-1570x2048.jpg 1570w, https:\/\/kunited-events.com\/wp-content\/uploads\/2025\/08\/pexels-muneeb-babar-1300535-17450331-scaled-e1756294825432.jpg 1707w\" sizes=\"auto, (max-width: 785px) 100vw, 785px\" \/><\/figure><div class=\"wp-block-media-text__content\">\n<ul class=\"wp-block-list\">\n<li><strong>Seoul &#8211; 23. M\u00e4rz 2026<\/strong><\/li>\n<\/ul>\n\n\n\n<p class=\"has-text-align-center has-small-font-size\">Du hast Lust einen Freizeitpark in Korea zu besuchen! Du willst wie die Charaktere in K-Drama all die Abenteuer dort erleben.<\/p>\n\n\n\n<p class=\"has-text-align-center has-small-font-size\">Doch du hast keine Lust allein zu gehen oder keinen der Bilder von eurem Ausflug macht?<\/p>\n\n\n\n<p class=\"has-text-align-center\"><strong>Komm mit KuniteD nach Lotte World!<\/strong><\/p>\n\n\n\n<p class=\"has-text-align-center has-small-font-size\">Wir feiern gemeinsam den Fr\u00fchling im Freizeitpark. <\/p>\n\n\n\n<p class=\"has-text-align-center has-small-font-size\">Nach einem kurzen Spaziergang unter den Kirschbl\u00fcten (falls schon erbl\u00fcht) beim Seokcheon See gehen wir zusammen in den <strong>Lotte World<\/strong> Freizeitpark.<\/p>\n\n\n\n<p class=\"has-text-align-center has-small-font-size\">Hier wurden bereits King the Land, True Beauty, Business Proposal und viele weitere K-Dramen gedreht. <\/p>\n<\/div><\/div>\n\n\n\n<div class=\"wp-block-media-text alignwide has-media-on-the-right is-stacked-on-mobile\" style=\"grid-template-columns:auto 32%\"><div class=\"wp-block-media-text__content\">\n<p class=\"has-text-align-center has-small-font-size\">Ob ihr schreiend, wie die mutigen K-Drama Leads aus dem Horrorhaus fl\u00fcchtet, die Schiffsschaukel jubelnd bezwingt oder Fotos bei der wundersch\u00f6nen Szenerie des abendlichen Lotte World Schlosses schie\u00dft. <\/p>\n\n\n\n<p class=\"has-text-align-center has-small-font-size\">Bei dieser Tour seid ihr die Hauptcharaktere und genie\u00dft den Freizeitpark mit KuniteD.<\/p>\n\n\n\n<p class=\"has-text-align-center\"><strong>PREIS   99 \u20ac<\/strong> je Person<\/p>\n\n\n\n<p class=\"has-text-align-center\"><strong>Buch jetzt hier dein Ticket!<\/strong><\/p>\n\n\n\n<div class=\"wp-block-buttons is-content-justification-center is-layout-flex wp-container-core-buttons-is-layout-a89b3969 wp-block-buttons-is-layout-flex\">\n<div class=\"wp-block-button\"><a class=\"wp-block-button__link has-custom-color-2-background-color has-background has-text-align-center wp-element-button\" href=\"https:\/\/kunited-events.com\/?product=spring-castle-journey-event\"><strong>Spring Castle Event Ticket<\/strong><\/a><\/div>\n<\/div>\n\n\n\n<p class=\"has-small-font-size\"><strong>Inklusive <\/strong>Eintritt in Lotte World und einem schlichten Headband (max. 15 \u20ac) zum dort tragen und mit nach Hause nehmen.<\/p>\n\n\n\n<p class=\"has-small-font-size\"><strong>Nicht inklusive<\/strong> sind weitere Eink\u00e4ufe oder Essen und Getr\u00e4nke sowie Fahrten oder andere Ausgaben in oder au\u00dferhalb von Lotte World.  Ebensowenig wie die Anreise nach Seoul bzw. zum Treffpunkt des Events.<\/p>\n\n\n\n<p class=\"has-small-font-size\"><strong>Hinweis<\/strong><\/p>\n\n\n\n<p class=\"has-small-font-size\">Start und Endpunkt des Event ist die Metrostation Jamsil, Seoul, S\u00fcdkorea.<\/p>\n<\/div><figure class=\"wp-block-media-text__media\"><img loading=\"lazy\" decoding=\"async\" width=\"683\" height=\"1024\" src=\"https:\/\/kunited-events.com\/wp-content\/uploads\/2025\/12\/08ddda5c-533a-409a-a194-61f2552af448-683x1024.png\" alt=\"\" class=\"wp-image-576 size-full\" srcset=\"https:\/\/kunited-events.com\/wp-content\/uploads\/2025\/12\/08ddda5c-533a-409a-a194-61f2552af448-683x1024.png 683w, https:\/\/kunited-events.com\/wp-content\/uploads\/2025\/12\/08ddda5c-533a-409a-a194-61f2552af448-600x900.png 600w, https:\/\/kunited-events.com\/wp-content\/uploads\/2025\/12\/08ddda5c-533a-409a-a194-61f2552af448-200x300.png 200w, https:\/\/kunited-events.com\/wp-content\/uploads\/2025\/12\/08ddda5c-533a-409a-a194-61f2552af448-768x1152.png 768w, https:\/\/kunited-events.com\/wp-content\/uploads\/2025\/12\/08ddda5c-533a-409a-a194-61f2552af448.png 1024w\" sizes=\"auto, (max-width: 683px) 100vw, 683px\" \/><\/figure><\/div>\n\n\n\n<p class=\"has-small-font-size\"><\/p>\n\n\n\n<p class=\"has-text-align-center has-x-large-font-size\"><strong>Ultimate K-Drama Location Event<\/strong><\/p>\n\n\n\n<div class=\"wp-block-media-text alignwide is-stacked-on-mobile\" style=\"grid-template-columns:45% auto\"><figure class=\"wp-block-media-text__media\"><img loading=\"lazy\" decoding=\"async\" width=\"1024\" height=\"768\" src=\"https:\/\/kunited-events.com\/wp-content\/uploads\/2025\/08\/P1080031-1024x768.jpg\" alt=\"\" class=\"wp-image-417 size-full\" srcset=\"https:\/\/kunited-events.com\/wp-content\/uploads\/2025\/08\/P1080031-1024x768.jpg 1024w, https:\/\/kunited-events.com\/wp-content\/uploads\/2025\/08\/P1080031-scaled-600x450.jpg 600w, https:\/\/kunited-events.com\/wp-content\/uploads\/2025\/08\/P1080031-300x225.jpg 300w, https:\/\/kunited-events.com\/wp-content\/uploads\/2025\/08\/P1080031-768x576.jpg 768w, https:\/\/kunited-events.com\/wp-content\/uploads\/2025\/08\/P1080031-1536x1152.jpg 1536w, https:\/\/kunited-events.com\/wp-content\/uploads\/2025\/08\/P1080031-2048x1536.jpg 2048w\" sizes=\"auto, (max-width: 1024px) 100vw, 1024px\" \/><\/figure><div class=\"wp-block-media-text__content\">\n<ul class=\"wp-block-list\">\n<li><strong>Seoul &#8211; 24. M\u00e4rz 2026<\/strong><\/li>\n<\/ul>\n\n\n\n<p class=\"has-text-align-center has-small-font-size\">Manche Locations sind so typisch f\u00fcr das eine K-Drama, sieht man sie, muss man sogleich an dieses denken. Andere Locations, sieht man so oft in K-Drama, man glaub beinahe schon selbst dort gewesen zu sein. <\/p>\n\n\n\n<p class=\"has-text-align-center has-small-font-size\"><strong>Mit dieser Tour machst DU diesen Traum wahr! <\/strong><\/p>\n\n\n\n<p class=\"has-text-align-center has-small-font-size\">Gemeinsam mit KuniteD besuchst du Drehorte aus Goblin, The King: Ethernal Monarch und mehr. <\/p>\n\n\n\n<p class=\"has-text-align-center has-small-font-size\">Du spazierst an DER K-Drama Schule und Palastmauer entlang und siehst zudem noch viele weitere Locations. <\/p>\n\n\n\n<p class=\"has-text-align-center has-small-font-size\">Zusammen genie\u00dfen wir am Nachmittag das Ambiente des Caf\u00e9 Minamdang in Hongdae.<\/p>\n<\/div><\/div>\n\n\n\n<div class=\"wp-block-media-text alignwide has-media-on-the-right is-stacked-on-mobile\" style=\"grid-template-columns:auto 40%\"><div class=\"wp-block-media-text__content\">\n<p class=\"has-text-align-center has-small-font-size\">Abends kehren wir gemeinsam ins Norebang (Karaokebar) aus True Beauty ein. <\/p>\n\n\n\n<p class=\"has-text-align-center has-small-font-size\">Es muss keiner singen k\u00f6nnen, hauptsache man hast Spa\u00df! Und am Ende kannst du mit recht behaupten: <\/p>\n\n\n\n<p class=\"has-text-align-center has-small-font-size\">&#8222;Ich war in der Karaoke Bar, in der schon Hwang In Yeop und Cha Eun Wo waren.&#8220; <\/p>\n\n\n\n<p class=\"has-text-align-center\"><strong>Sei bei der ultimativen K-Drama Tour dabei!<\/strong><\/p>\n\n\n\n<p class=\"has-text-align-center has-medium-font-size\"><strong>PREIS   79 \u20ac<\/strong> je Person<\/p>\n\n\n\n<p class=\"has-text-align-center has-medium-font-size\"><strong>Buch jetzt hier dein Ticket!<\/strong><\/p>\n\n\n\n<div class=\"wp-block-buttons is-content-justification-center is-layout-flex wp-container-core-buttons-is-layout-a89b3969 wp-block-buttons-is-layout-flex\">\n<div class=\"wp-block-button\"><a class=\"wp-block-button__link has-custom-color-4-color has-text-color has-background has-link-color has-text-align-center wp-element-button\" href=\"https:\/\/kunited-events.com\/?product=ultimate-k-drama-location-event\" style=\"background-color:#1b67a5\"><strong>Ultimate K-Drama Location Ticket<\/strong><\/a><\/div>\n<\/div>\n\n\n\n<p class=\"has-text-align-left has-small-font-size\"><strong>Inklusive<\/strong> des Besuches folgender Drehorte: Deoksugung Palace Wall, Gwanghwamun Square, Cheongyecheon, Yonsei Universit\u00e4t, Goblin Tunnel, Hongdae Stra\u00dfe, Caf\u00e9 Minamdang und dem Su Norebang, sowie dem Eintritt in der Karaokebar.<\/p>\n\n\n\n<p class=\"has-small-font-size\"><strong>Nicht inklusive<\/strong> ist der Verzehr w\u00e4hrend des Events, eine T-Money Card oder die Fahrten zwischen den Orten. Ebenso nicht inklusive ist jedweilige weitere Ausgabe zum Shoppen oder anderem. Ebensowenig wie die Anreise nach Seoul bzw. zum Treffpunkt des Events.<\/p>\n\n\n\n<p class=\"has-small-font-size\"><strong>Hinweis<\/strong><\/p>\n\n\n\n<p class=\"has-small-font-size\">Start und Endpunkt des Journey Events ist hierbei die Metrostation City Hall, Seoul, S\u00fcdkorea.<\/p>\n<\/div><figure class=\"wp-block-media-text__media\"><img loading=\"lazy\" decoding=\"async\" width=\"683\" height=\"1024\" src=\"https:\/\/kunited-events.com\/wp-content\/uploads\/2025\/08\/KUI-karaoke-1-683x1024.png\" alt=\"\" class=\"wp-image-425 size-full\" srcset=\"https:\/\/kunited-events.com\/wp-content\/uploads\/2025\/08\/KUI-karaoke-1-683x1024.png 683w, https:\/\/kunited-events.com\/wp-content\/uploads\/2025\/08\/KUI-karaoke-1-600x900.png 600w, https:\/\/kunited-events.com\/wp-content\/uploads\/2025\/08\/KUI-karaoke-1-200x300.png 200w, https:\/\/kunited-events.com\/wp-content\/uploads\/2025\/08\/KUI-karaoke-1-768x1152.png 768w, https:\/\/kunited-events.com\/wp-content\/uploads\/2025\/08\/KUI-karaoke-1.png 1024w\" sizes=\"auto, (max-width: 683px) 100vw, 683px\" \/><\/figure><\/div>\n\n\n\n<p class=\"has-small-font-size\"><\/p>\n\n\n\n<p class=\"has-text-align-center has-x-large-font-size\"><strong>Day Journey Event Special<\/strong><\/p>\n\n\n\n<p class=\"has-text-align-center has-medium-font-size\">Weitere Touren zu anderen Tagen und an anderen Orten folgen. Schaut also gern immer mal wieder hier und auf unseren anderen, kommenden Journey Event Seiten vorbei.<\/p>\n\n\n\n<p class=\"has-text-align-center has-x-large-font-size\"><strong>Du hast Lust dabei zu sein?<\/strong><\/p>\n\n\n\n<p class=\"has-text-align-center has-medium-font-size\">Unsere Tickets findest du in unserem Shop<\/p>\n\n\n\n<p class=\"has-text-align-center has-large-font-size\"><strong>Buch jetzt dein Journey Event JETZT!<\/strong><\/p>\n\n\n\n<div class=\"wp-block-buttons is-content-justification-center is-layout-flex wp-container-core-buttons-is-layout-a89b3969 wp-block-buttons-is-layout-flex\">\n<div class=\"wp-block-button\"><a class=\"wp-block-button__link has-custom-color-2-background-color has-background wp-element-button\" href=\"https:\/\/kunited-events.com\/?post_type=product\"><strong>KuniteD Shop<\/strong><\/a><\/div>\n<\/div>\n\n\n\n<p class=\"has-small-font-size\"><\/p>\n\n\n\n<p class=\"has-text-align-center has-small-font-size\">Die Touren finden ab einer Gruppengr\u00f6\u00dfe von 3 Personen garantiert statt. Darunter liegt die Durchf\u00fchrunng im Ermessen des Veranstalters. Sollte eine Tour ob mangelnder Teilnehmerzahl abgesagt werden, bekommt ihr das Geld selbstverst\u00e4ndlich zur\u00fcck und werdet rechtzeitig informiert.<\/p>\n\n\n\n<p class=\"has-text-align-center has-small-font-size\">T-Money Cards bekommt ihr in jedem 24 Std Laden und bereits am Flughafen. F\u00fcr unsere Events nutzen wir oftmals die Metro, um von einem Ort zum n\u00e4chsten zu gelangen. Sorgt also bitte daf\u00fcr, dass eure T-Money oder andere Karte zum fahren mit der Metro aufgeladen ist! Gerne k\u00f6nnen wir euch dabei nat\u00fcrlich helfen. Seid hierf\u00fcr einfach 15 Minuten vor der Zeit am angegebenen Treffpunkt und gebt uns bescheid.<\/p>\n\n\n\n<figure class=\"wp-block-image aligncenter size-large is-resized\"><img loading=\"lazy\" decoding=\"async\" width=\"683\" height=\"1024\" src=\"https:\/\/kunited-events.com\/wp-content\/uploads\/2025\/08\/ChatGPT-Image-25.-Aug.-2025-11_18_49-683x1024.png\" alt=\"\" class=\"wp-image-385\" style=\"aspect-ratio:0.6669883893295289;width:256px;height:auto\" srcset=\"https:\/\/kunited-events.com\/wp-content\/uploads\/2025\/08\/ChatGPT-Image-25.-Aug.-2025-11_18_49-683x1024.png 683w, https:\/\/kunited-events.com\/wp-content\/uploads\/2025\/08\/ChatGPT-Image-25.-Aug.-2025-11_18_49-600x900.png 600w, https:\/\/kunited-events.com\/wp-content\/uploads\/2025\/08\/ChatGPT-Image-25.-Aug.-2025-11_18_49-200x300.png 200w, https:\/\/kunited-events.com\/wp-content\/uploads\/2025\/08\/ChatGPT-Image-25.-Aug.-2025-11_18_49-768x1152.png 768w, https:\/\/kunited-events.com\/wp-content\/uploads\/2025\/08\/ChatGPT-Image-25.-Aug.-2025-11_18_49.png 1024w\" sizes=\"auto, (max-width: 683px) 100vw, 683px\" \/><\/figure>\n\n\n\n<p class=\"has-text-align-center has-medium-font-size\">Du hast Lust auf ein K-Drama Style Event aber kannst nicht in Korea dabei sein. Schau in unserem Eventim Shop vorbei f\u00fcr weitere Events von KuniteD.<\/p>\n\n\n\n<div class=\"wp-block-buttons is-content-justification-center is-layout-flex wp-container-core-buttons-is-layout-a89b3969 wp-block-buttons-is-layout-flex\">\n<div class=\"wp-block-button\"><a class=\"wp-block-button__link has-contrast-color has-custom-color-5-background-color has-text-color has-background has-link-color wp-element-button\" href=\"https:\/\/www.eventim-light.com\/de\/a\/67a5df1087e7045a46f653ca\"><strong>Eventim Shop<\/strong><\/a><\/div>\n<\/div>\n\n\n\n<p class=\"has-text-align-center\">Sieh auch gerne in unseren Eventkalender oder auf unser Social Media. Dort findest du alles was wir in Zukunft vorhaben.<\/p>\n\n\n\n<div class=\"wp-block-buttons is-content-justification-center is-layout-flex wp-container-core-buttons-is-layout-a89b3969 wp-block-buttons-is-layout-flex\">\n<div class=\"wp-block-button\"><a class=\"wp-block-button__link has-contrast-color has-custom-color-2-background-color has-text-color has-background has-link-color wp-element-button\" href=\"https:\/\/kunited-events.com\/?post_type=tribe_events&amp;eventDisplay=month\"><strong>Eventkalender<\/strong><\/a><\/div>\n\n\n\n<div class=\"wp-block-button\"><a class=\"wp-block-button__link has-contrast-color has-custom-color-8-background-color has-text-color has-background has-link-color wp-element-button\" href=\"https:\/\/www.instagram.com\/kunited_kdrama_events\/\"><strong>Instagram<\/strong><\/a><\/div>\n<\/div>\n\n\n\n<p class=\"has-text-align-center\">Wir sehen uns dort!<\/p>\n","protected":false},"excerpt":{"rendered":"<p>Du hast noch Zeit in Korea oder willst noch etwas Besonderes zu deiner Reise in Seoul hinzuf\u00fcgen. Dann bist du hier genau richtig. Hier findest du eine Vielzahl verschiedener Journey [&hellip;]<\/p>\n","protected":false},"author":1,"featured_media":0,"parent":157,"menu_order":0,"comment_status":"closed","ping_status":"closed","template":"page-no-title","meta":{"_price":"","_stock":"","_tribe_ticket_header":"","_tribe_default_ticket_provider":"","_tribe_ticket_capacity":"0","_ticket_start_date":"","_ticket_end_date":"","_tribe_ticket_show_description":"","_tribe_ticket_show_not_going":false,"_tribe_ticket_use_global_stock":"","_tribe_ticket_global_stock_level":"","_global_stock_mode":"","_global_stock_cap":"","_tribe_rsvp_for_event":"","_tribe_ticket_going_count":"","_tribe_ticket_not_going_count":"","_tribe_tickets_list":"[]","_tribe_ticket_has_attendee_info_fields":false,"_EventAllDay":false,"_EventTimezone":"","_EventStartDate":"","_EventEndDate":"","_EventStartDateUTC":"","_EventEndDateUTC":"","_EventShowMap":false,"_EventShowMapLink":false,"_EventURL":"","_EventCost":"","_EventCostDescription":"","_EventCurrencySymbol":"","_EventCurrencyCode":"","_EventCurrencyPosition":"","_EventDateTimeSeparator":"","_EventTimeRangeSeparator":"","_EventOrganizerID":[],"_EventVenueID":[],"_OrganizerEmail":"","_OrganizerPhone":"","_OrganizerWebsite":"","_VenueAddress":"","_VenueCity":"","_VenueCountry":"","_VenueProvince":"","_VenueState":"","_VenueZip":"","_VenuePhone":"","_VenueURL":"","_VenueStateProvince":"","_VenueLat":"","_VenueLng":"","_VenueShowMap":false,"_VenueShowMapLink":false,"footnotes":"","_tec_slr_enabled":"","_tec_slr_layout":""},"class_list":["post-445","page","type-page","status-publish","hentry"],"jetpack_sharing_enabled":true,"ticketed":false,"_links":{"self":[{"href":"https:\/\/kunited-events.com\/index.php?rest_route=\/wp\/v2\/pages\/445","targetHints":{"allow":["GET"]}}],"collection":[{"href":"https:\/\/kunited-events.com\/index.php?rest_route=\/wp\/v2\/pages"}],"about":[{"href":"https:\/\/kunited-events.com\/index.php?rest_route=\/wp\/v2\/types\/page"}],"author":[{"embeddable":true,"href":"https:\/\/kunited-events.com\/index.php?rest_route=\/wp\/v2\/users\/1"}],"replies":[{"embeddable":true,"href":"https:\/\/kunited-events.com\/index.php?rest_route=%2Fwp%2Fv2%2Fcomments&post=445"}],"version-history":[{"count":10,"href":"https:\/\/kunited-events.com\/index.php?rest_route=\/wp\/v2\/pages\/445\/revisions"}],"predecessor-version":[{"id":811,"href":"https:\/\/kunited-events.com\/index.php?rest_route=\/wp\/v2\/pages\/445\/revisions\/811"}],"up":[{"embeddable":true,"href":"https:\/\/kunited-events.com\/index.php?rest_route=\/wp\/v2\/pages\/157"}],"wp:attachment":[{"href":"https:\/\/kunited-events.com\/index.php?rest_route=%2Fwp%2Fv2%2Fmedia&parent=445"}],"curies":[{"name":"wp","href":"https:\/\/api.w.org\/{rel}","templated":true}]}}