{"id":203,"date":"2025-04-29T12:27:19","date_gmt":"2025-04-29T10:27:19","guid":{"rendered":"https:\/\/kunited-events.com\/?page_id=203"},"modified":"2026-01-20T16:42:29","modified_gmt":"2026-01-20T15:42:29","slug":"aboutus","status":"publish","type":"page","link":"https:\/\/kunited-events.com\/?page_id=203","title":{"rendered":"\u00dcber uns"},"content":{"rendered":"\n<figure class=\"wp-block-image alignwide size-large\"><img loading=\"lazy\" decoding=\"async\" width=\"1024\" height=\"400\" src=\"https:\/\/kunited-events.com\/wp-content\/uploads\/2025\/04\/FB-banner-1-1024x400.png\" alt=\"\" class=\"wp-image-207\" srcset=\"https:\/\/kunited-events.com\/wp-content\/uploads\/2025\/04\/FB-banner-1-1024x400.png 1024w, https:\/\/kunited-events.com\/wp-content\/uploads\/2025\/04\/FB-banner-1-600x234.png 600w, https:\/\/kunited-events.com\/wp-content\/uploads\/2025\/04\/FB-banner-1-300x117.png 300w, https:\/\/kunited-events.com\/wp-content\/uploads\/2025\/04\/FB-banner-1-768x300.png 768w, https:\/\/kunited-events.com\/wp-content\/uploads\/2025\/04\/FB-banner-1.png 1227w\" sizes=\"auto, (max-width: 1024px) 100vw, 1024px\" \/><\/figure>\n\n\n\n<p class=\"has-text-align-center has-xx-large-font-size\"><strong>\u00dcber uns<\/strong><\/p>\n\n\n\n<p class=\"has-x-large-font-size\"><strong>KuniteD<\/strong><\/p>\n\n\n\n<p>Unite with KuniteD!<\/p>\n\n\n\n<p class=\"has-medium-font-size\">Eure Plattform f\u00fcr Fans von K-Dramen und Korea. Zusammen veranstalten wir unvergessliche Events im Bereich K-Drama und Korea.<\/p>\n\n\n\n<p>Unsere Mission?<\/p>\n\n\n\n<p class=\"is-style-default has-medium-font-size\">K-Drama Fans von \u00fcberall in Europa durch unsere Events zu vereinen. Einen Ort zu erschaffen an dem die K-Drama Fangemeinde K-Drama Content aller Art genie\u00dfen kann.<\/p>\n\n\n\n<p>Warum KuniteD?<\/p>\n\n\n\n<p class=\"has-medium-font-size\">Es liegt direkt im Namen. Das K f\u00fcr Korea und das D f\u00fcr Dramen wird durch &#8218;unite&#8216; (vereinen) verbunden, wie wir die K-Drama Fans vereinen wollen. Also unite mit KuniteD.<\/p>\n\n\n\n<div class=\"wp-block-media-text alignwide has-media-on-the-right is-stacked-on-mobile\" style=\"grid-template-columns:auto 28%\"><div class=\"wp-block-media-text__content\">\n<p><strong>Wer sind denn nun eigentlich &#8218;wir&#8216;?<\/strong><\/p>\n\n\n\n<p>&#8218;Wir&#8216; sind derzeit nur ich, Simona, ihr die Fans und ein paar Freunde, die mit mir seit Jahren Ideen hin und her werfen. <\/p>\n\n\n\n<p>Die erste Idee f\u00fcr KuniteD kam mir bereits 2021, als ich mit einer Freundin \u00fcber K-Dramen und unsere Reise nach Korea sprach. <\/p>\n\n\n\n<p>Es brauchte noch ein paar Umwege und zwei weitere Reisen nach S\u00fcdkorea, um diese Firma zu gr\u00fcnden. Im Moment besteht die ORGA nur aus mir, doch f\u00fcr gr\u00f6\u00dfere Events wird es ausreichend Helfer geben. <\/p>\n\n\n\n<p>Ich hoffe zusammen mit euch gro\u00dfe Events zu erschaffen, an denen wir alle unsere Freude haben<\/p>\n<\/div><figure class=\"wp-block-media-text__media\"><img loading=\"lazy\" decoding=\"async\" width=\"768\" height=\"1024\" src=\"https:\/\/kunited-events.com\/wp-content\/uploads\/2025\/04\/20250302_221543-768x1024.jpg\" alt=\"\" class=\"wp-image-208 size-full\" srcset=\"https:\/\/kunited-events.com\/wp-content\/uploads\/2025\/04\/20250302_221543-768x1024.jpg 768w, https:\/\/kunited-events.com\/wp-content\/uploads\/2025\/04\/20250302_221543-scaled-600x800.jpg 600w, https:\/\/kunited-events.com\/wp-content\/uploads\/2025\/04\/20250302_221543-225x300.jpg 225w, https:\/\/kunited-events.com\/wp-content\/uploads\/2025\/04\/20250302_221543-1152x1536.jpg 1152w, https:\/\/kunited-events.com\/wp-content\/uploads\/2025\/04\/20250302_221543-1536x2048.jpg 1536w, https:\/\/kunited-events.com\/wp-content\/uploads\/2025\/04\/20250302_221543-1320x1760.jpg 1320w, https:\/\/kunited-events.com\/wp-content\/uploads\/2025\/04\/20250302_221543-scaled.jpg 1920w\" sizes=\"auto, (max-width: 768px) 100vw, 768px\" \/><\/figure><\/div>\n\n\n\n<div class=\"wp-block-media-text alignwide is-stacked-on-mobile\" style=\"grid-template-columns:30% auto\"><figure class=\"wp-block-media-text__media\"><img loading=\"lazy\" decoding=\"async\" width=\"408\" height=\"612\" src=\"https:\/\/kunited-events.com\/wp-content\/uploads\/2025\/08\/ChatGPT_Image_27._Juli_2025__15_52_05-removebg-preview.png\" alt=\"\" class=\"wp-image-329 size-full\" srcset=\"https:\/\/kunited-events.com\/wp-content\/uploads\/2025\/08\/ChatGPT_Image_27._Juli_2025__15_52_05-removebg-preview.png 408w, https:\/\/kunited-events.com\/wp-content\/uploads\/2025\/08\/ChatGPT_Image_27._Juli_2025__15_52_05-removebg-preview-200x300.png 200w\" sizes=\"auto, (max-width: 408px) 100vw, 408px\" \/><\/figure><div class=\"wp-block-media-text__content\">\n<p>Der kleine Hund hier ist das Maskottchen von KuniteD. Bisher lernt er noch wie der Hase &#8230; oder &#8218;Hund&#8216; l\u00e4uft. Bald wird er uns auf den Social Media Kan\u00e4len und auch auf Events begleiten.<\/p>\n\n\n\n<p>Sein Name ist \u00fcbrigens Ki U In oder kurz KUI. U bedeutet &#8218;Regen&#8216; und In bedeutet &#8218;Person&#8216;. Sein Name steht f\u00fcr eine Person, die so mitf\u00fchlend ist, dass sie das Leben anderer bereichert, wie Regen die Natur unterst\u00fctzt.<\/p>\n\n\n\n<p>Er kann manchmal frech sein, hat aber auch einige gute Ideen und immer eine helfende Pfote. Das Besondere an ihm ist zudem sein Fleck am Auge. Dieser verf\u00e4rbt sich je nach Lust und Laune von KUI.<\/p>\n<\/div><\/div>\n\n\n\n<div class=\"wp-block-media-text alignwide has-media-on-the-right is-stacked-on-mobile\" style=\"grid-template-columns:auto 30%\"><div class=\"wp-block-media-text__content\">\n<p>Hinzu kommen nat\u00fcrlich noch einige Freunde, die mir beim Ideenaustausch und mit motivierenden Worten zur Seite stehen.<\/p>\n\n\n\n<p>Danke Euch! \ud83d\ude42<\/p>\n\n\n\n<p>Nicht zu vergessen sind ebenfalls auch alle Fans und Teilnehmer an unseren Events. Ohne euch k\u00f6nnten wir diese Events nicht veranstalten. Wie alle die vielen Farben in unserem Logo geh\u00f6rt auch ihr ebenfalls zu KuniteD.<\/p>\n\n\n\n<p>Danke das ihr dabei seid!<\/p>\n<\/div><figure class=\"wp-block-media-text__media\"><img loading=\"lazy\" decoding=\"async\" width=\"832\" height=\"741\" src=\"https:\/\/kunited-events.com\/wp-content\/uploads\/2025\/04\/Logo-KuniteD-3.jpg\" alt=\"\" class=\"wp-image-210 size-full\" srcset=\"https:\/\/kunited-events.com\/wp-content\/uploads\/2025\/04\/Logo-KuniteD-3.jpg 832w, https:\/\/kunited-events.com\/wp-content\/uploads\/2025\/04\/Logo-KuniteD-3-600x534.jpg 600w, https:\/\/kunited-events.com\/wp-content\/uploads\/2025\/04\/Logo-KuniteD-3-300x267.jpg 300w, https:\/\/kunited-events.com\/wp-content\/uploads\/2025\/04\/Logo-KuniteD-3-768x684.jpg 768w\" sizes=\"auto, (max-width: 832px) 100vw, 832px\" \/><\/figure><\/div>\n\n\n\n<p>Mehr zu uns und unseren Events erfahrt ihr hier:<\/p>\n\n\n\n<div class=\"wp-block-group is-layout-grid wp-container-core-group-is-layout-478b6e6b wp-block-group-is-layout-grid\">\n<ul class=\"wp-block-social-links is-content-justification-center is-layout-flex wp-container-core-social-links-is-layout-a89b3969 wp-block-social-links-is-layout-flex\"><li class=\"wp-social-link wp-social-link-instagram  wp-block-social-link\"><a href=\"https:\/\/www.instagram.com\/kunited_kdrama_events\/\" class=\"wp-block-social-link-anchor\"><svg width=\"24\" height=\"24\" viewBox=\"0 0 24 24\" version=\"1.1\" xmlns=\"http:\/\/www.w3.org\/2000\/svg\" aria-hidden=\"true\" focusable=\"false\"><path d=\"M12,4.622c2.403,0,2.688,0.009,3.637,0.052c0.877,0.04,1.354,0.187,1.671,0.31c0.42,0.163,0.72,0.358,1.035,0.673 c0.315,0.315,0.51,0.615,0.673,1.035c0.123,0.317,0.27,0.794,0.31,1.671c0.043,0.949,0.052,1.234,0.052,3.637 s-0.009,2.688-0.052,3.637c-0.04,0.877-0.187,1.354-0.31,1.671c-0.163,0.42-0.358,0.72-0.673,1.035 c-0.315,0.315-0.615,0.51-1.035,0.673c-0.317,0.123-0.794,0.27-1.671,0.31c-0.949,0.043-1.233,0.052-3.637,0.052 s-2.688-0.009-3.637-0.052c-0.877-0.04-1.354-0.187-1.671-0.31c-0.42-0.163-0.72-0.358-1.035-0.673 c-0.315-0.315-0.51-0.615-0.673-1.035c-0.123-0.317-0.27-0.794-0.31-1.671C4.631,14.688,4.622,14.403,4.622,12 s0.009-2.688,0.052-3.637c0.04-0.877,0.187-1.354,0.31-1.671c0.163-0.42,0.358-0.72,0.673-1.035 c0.315-0.315,0.615-0.51,1.035-0.673c0.317-0.123,0.794-0.27,1.671-0.31C9.312,4.631,9.597,4.622,12,4.622 M12,3 C9.556,3,9.249,3.01,8.289,3.054C7.331,3.098,6.677,3.25,6.105,3.472C5.513,3.702,5.011,4.01,4.511,4.511 c-0.5,0.5-0.808,1.002-1.038,1.594C3.25,6.677,3.098,7.331,3.054,8.289C3.01,9.249,3,9.556,3,12c0,2.444,0.01,2.751,0.054,3.711 c0.044,0.958,0.196,1.612,0.418,2.185c0.23,0.592,0.538,1.094,1.038,1.594c0.5,0.5,1.002,0.808,1.594,1.038 c0.572,0.222,1.227,0.375,2.185,0.418C9.249,20.99,9.556,21,12,21s2.751-0.01,3.711-0.054c0.958-0.044,1.612-0.196,2.185-0.418 c0.592-0.23,1.094-0.538,1.594-1.038c0.5-0.5,0.808-1.002,1.038-1.594c0.222-0.572,0.375-1.227,0.418-2.185 C20.99,14.751,21,14.444,21,12s-0.01-2.751-0.054-3.711c-0.044-0.958-0.196-1.612-0.418-2.185c-0.23-0.592-0.538-1.094-1.038-1.594 c-0.5-0.5-1.002-0.808-1.594-1.038c-0.572-0.222-1.227-0.375-2.185-0.418C14.751,3.01,14.444,3,12,3L12,3z M12,7.378 c-2.552,0-4.622,2.069-4.622,4.622S9.448,16.622,12,16.622s4.622-2.069,4.622-4.622S14.552,7.378,12,7.378z M12,15 c-1.657,0-3-1.343-3-3s1.343-3,3-3s3,1.343,3,3S13.657,15,12,15z M16.804,6.116c-0.596,0-1.08,0.484-1.08,1.08 s0.484,1.08,1.08,1.08c0.596,0,1.08-0.484,1.08-1.08S17.401,6.116,16.804,6.116z\"><\/path><\/svg><span class=\"wp-block-social-link-label screen-reader-text\">Instagram<\/span><\/a><\/li>\n\n<\/ul>\n\n\n\n<div class=\"wp-block-buttons is-layout-flex wp-block-buttons-is-layout-flex\">\n<div class=\"wp-block-button\"><a class=\"wp-block-button__link has-contrast-color has-custom-color-2-background-color has-text-color has-background has-link-color wp-element-button\" href=\"https:\/\/kunited-events.com\/?post_type=tribe_events&amp;eventDisplay=month\"><strong>Eventkalender<\/strong><\/a><\/div>\n<\/div>\n\n\n\n<div class=\"wp-block-buttons wp-container-content-69bc4bdf is-content-justification-center is-layout-flex wp-container-core-buttons-is-layout-a89b3969 wp-block-buttons-is-layout-flex\">\n<div class=\"wp-block-button\"><a class=\"wp-block-button__link has-custom-color-5-background-color has-background wp-element-button\" href=\"https:\/\/www.eventim-light.com\/de\/a\/67a5df1087e7045a46f653ca\"><strong>Eventim Shop<\/strong><\/a><\/div>\n\n\n\n<div class=\"wp-block-button\"><a class=\"wp-block-button__link has-contrast-color has-custom-color-6-background-color has-text-color has-background has-link-color has-text-align-center wp-element-button\"><strong>KuniteD Shop<\/strong><\/a><\/div>\n<\/div>\n<\/div>\n","protected":false},"excerpt":{"rendered":"<p>\u00dcber uns KuniteD Unite with KuniteD! Eure Plattform f\u00fcr Fans von K-Dramen und Korea. Zusammen veranstalten wir unvergessliche Events im Bereich K-Drama und Korea. Unsere Mission? K-Drama Fans von \u00fcberall [&hellip;]<\/p>\n","protected":false},"author":1,"featured_media":0,"parent":226,"menu_order":1,"comment_status":"closed","ping_status":"closed","template":"page-no-title","meta":{"_price":"","_stock":"","_tribe_ticket_header":"","_tribe_default_ticket_provider":"","_tribe_ticket_capacity":"0","_ticket_start_date":"","_ticket_end_date":"","_tribe_ticket_show_description":"","_tribe_ticket_show_not_going":false,"_tribe_ticket_use_global_stock":"","_tribe_ticket_global_stock_level":"","_global_stock_mode":"","_global_stock_cap":"","_tribe_rsvp_for_event":"","_tribe_ticket_going_count":"","_tribe_ticket_not_going_count":"","_tribe_tickets_list":"[]","_tribe_ticket_has_attendee_info_fields":false,"_EventAllDay":false,"_EventTimezone":"","_EventStartDate":"","_EventEndDate":"","_EventStartDateUTC":"","_EventEndDateUTC":"","_EventShowMap":false,"_EventShowMapLink":false,"_EventURL":"","_EventCost":"","_EventCostDescription":"","_EventCurrencySymbol":"","_EventCurrencyCode":"","_EventCurrencyPosition":"","_EventDateTimeSeparator":"","_EventTimeRangeSeparator":"","_EventOrganizerID":[],"_EventVenueID":[],"_OrganizerEmail":"","_OrganizerPhone":"","_OrganizerWebsite":"","_VenueAddress":"","_VenueCity":"","_VenueCountry":"","_VenueProvince":"","_VenueState":"","_VenueZip":"","_VenuePhone":"","_VenueURL":"","_VenueStateProvince":"","_VenueLat":"","_VenueLng":"","_VenueShowMap":false,"_VenueShowMapLink":false,"footnotes":"","_tec_slr_enabled":"","_tec_slr_layout":""},"class_list":["post-203","page","type-page","status-publish","hentry"],"jetpack_sharing_enabled":true,"ticketed":false,"_links":{"self":[{"href":"https:\/\/kunited-events.com\/index.php?rest_route=\/wp\/v2\/pages\/203","targetHints":{"allow":["GET"]}}],"collection":[{"href":"https:\/\/kunited-events.com\/index.php?rest_route=\/wp\/v2\/pages"}],"about":[{"href":"https:\/\/kunited-events.com\/index.php?rest_route=\/wp\/v2\/types\/page"}],"author":[{"embeddable":true,"href":"https:\/\/kunited-events.com\/index.php?rest_route=\/wp\/v2\/users\/1"}],"replies":[{"embeddable":true,"href":"https:\/\/kunited-events.com\/index.php?rest_route=%2Fwp%2Fv2%2Fcomments&post=203"}],"version-history":[{"count":7,"href":"https:\/\/kunited-events.com\/index.php?rest_route=\/wp\/v2\/pages\/203\/revisions"}],"predecessor-version":[{"id":795,"href":"https:\/\/kunited-events.com\/index.php?rest_route=\/wp\/v2\/pages\/203\/revisions\/795"}],"up":[{"embeddable":true,"href":"https:\/\/kunited-events.com\/index.php?rest_route=\/wp\/v2\/pages\/226"}],"wp:attachment":[{"href":"https:\/\/kunited-events.com\/index.php?rest_route=%2Fwp%2Fv2%2Fmedia&parent=203"}],"curies":[{"name":"wp","href":"https:\/\/api.w.org\/{rel}","templated":true}]}}